{"id":1842,"date":"2025-08-08T20:39:48","date_gmt":"2025-08-08T18:39:48","guid":{"rendered":"https:\/\/taekwondoteyran.fr\/?page_id=1842"},"modified":"2025-10-26T14:46:51","modified_gmt":"2025-10-26T13:46:51","slug":"taektraining","status":"publish","type":"page","link":"https:\/\/taekwondoteyran.fr\/index.php\/disciplines\/taektraining\/","title":{"rendered":"Taek&rsquo;Training"},"content":{"rendered":"<div data-colibri-id=\"1842-c1\" class=\"style-1105 style-local-1842-c1 position-relative\">\n  <!---->\n  <div data-colibri-component=\"section\" data-colibri-id=\"1842-c2\" id=\"custom\" class=\"h-section h-section-global-spacing d-flex align-items-lg-center align-items-md-center align-items-center style-1106 style-local-1842-c2 position-relative\">\n    <!---->\n    <!---->\n    <div class=\"h-section-grid-container h-section-boxed-container\">\n      <!---->\n      <div data-colibri-id=\"1842-c3\" class=\"h-row-container gutters-row-lg-0 gutters-row-md-0 gutters-row-0 gutters-row-v-lg-0 gutters-row-v-md-0 gutters-row-v-0 style-1116 style-local-1842-c3 position-relative\">\n        <!---->\n        <div class=\"h-row justify-content-lg-center justify-content-md-center justify-content-center align-items-lg-stretch align-items-md-stretch align-items-stretch gutters-col-lg-0 gutters-col-md-0 gutters-col-0 gutters-col-v-lg-0 gutters-col-v-md-0 gutters-col-v-0\">\n          <!---->\n          <div class=\"h-column h-column-container d-flex h-col-lg-auto h-col-md-auto h-col-auto style-1117-outer style-local-1842-c4-outer\">\n            <div data-colibri-id=\"1842-c4\" class=\"d-flex h-flex-basis h-column__inner h-px-lg-0 h-px-md-0 h-px-0 v-inner-lg-0 v-inner-md-0 v-inner-0 style-1117 style-local-1842-c4 position-relative\">\n              <!---->\n              <!---->\n              <div class=\"w-100 h-y-container h-column__content h-column__v-align flex-basis-100 align-self-lg-start align-self-md-start align-self-start\">\n                <!---->\n                <div data-colibri-id=\"1842-c5\" class=\"h-text h-text-component style-1118 style-local-1842-c5 position-relative h-element\">\n                  <!---->\n                  <!---->\n                  <div class=\"\">\n                    <p>L&rsquo;enseignant<\/p>\n                  <\/div>\n                <\/div>\n              <\/div>\n            <\/div>\n          <\/div>\n        <\/div>\n      <\/div>\n      <div data-colibri-id=\"1842-c6\" class=\"h-row-container gutters-row-lg-0 gutters-row-md-0 gutters-row-0 gutters-row-v-lg-0 gutters-row-v-md-0 gutters-row-v-0 style-1113 style-local-1842-c6 position-relative\">\n        <!---->\n        <div class=\"h-row justify-content-lg-center justify-content-md-center justify-content-center align-items-lg-stretch align-items-md-stretch align-items-stretch gutters-col-lg-0 gutters-col-md-0 gutters-col-0 gutters-col-v-lg-0 gutters-col-v-md-0 gutters-col-v-0\">\n          <!---->\n          <div class=\"h-column h-column-container d-flex h-col-lg-auto h-col-md-auto h-col-auto style-1114-outer style-local-1842-c7-outer\">\n            <div data-colibri-id=\"1842-c7\" class=\"d-flex h-flex-basis h-column__inner h-px-lg-0 h-px-md-0 h-px-0 v-inner-lg-0 v-inner-md-0 v-inner-0 style-1114 style-local-1842-c7 position-relative\">\n              <!---->\n              <!---->\n              <div class=\"w-100 h-y-container h-column__content h-column__v-align flex-basis-100 align-self-lg-start align-self-md-start align-self-start\">\n                <!---->\n                <div data-colibri-id=\"1842-c8\" class=\"d-block style-1119 style-local-1842-c8 position-relative h-element\">\n                  <!---->\n                  <div class=\"h-image__frame-container-outer\">\n                    <a href=\"https:\/\/taekwondoteyran.fr\/index.php\/le-club\/les-enseignants\/#adrien\" h-use-smooth-scroll=\"true\" class=\"image-link\">\n                      <div class=\"h-image__frame-container\">\n                        <!---->\n                        <!---->\n                        <img decoding=\"async\" src=\"https:\/\/taekwondoteyran.fr\/wp-content\/uploads\/2025\/08\/cropped-Adrien-coach-Taek-training-scaled-1-150x150.jpg\" class=\"style-1119-image style-local-1842-c8-image\">\n                        <div class=\"h-image__frame h-hide-lg h-hide-md h-hide-sm style-1119-frameImage style-local-1842-c8-frameImage\"><\/div>\n                      <\/div>\n                    <\/a>\n                  <\/div>\n                <\/div>\n              <\/div>\n            <\/div>\n          <\/div>\n        <\/div>\n      <\/div>\n      <div data-colibri-id=\"1842-c9\" class=\"h-row-container gutters-row-lg-2 gutters-row-md-2 gutters-row-0 gutters-row-v-lg-2 gutters-row-v-md-2 gutters-row-v-2 style-1110 style-local-1842-c9 position-relative\">\n        <!---->\n        <div class=\"h-row justify-content-lg-center justify-content-md-center justify-content-center align-items-lg-stretch align-items-md-stretch align-items-stretch gutters-col-lg-2 gutters-col-md-2 gutters-col-0 gutters-col-v-lg-2 gutters-col-v-md-2 gutters-col-v-2\">\n          <!---->\n          <div class=\"h-column h-column-container d-flex h-col-lg-auto h-col-md-auto h-col-auto style-1111-outer style-local-1842-c10-outer\">\n            <div data-colibri-id=\"1842-c10\" class=\"d-flex h-flex-basis h-column__inner h-px-lg-2 h-px-md-2 h-px-2 v-inner-lg-2 v-inner-md-2 v-inner-2 style-1111 style-local-1842-c10 position-relative\">\n              <!---->\n              <!---->\n              <div class=\"w-100 h-y-container h-column__content h-column__v-align flex-basis-100 align-self-lg-start align-self-md-start align-self-start\">\n                <!---->\n                <div data-colibri-id=\"1842-c11\" class=\"h-text h-text-component style-1112 style-local-1842-c11 position-relative h-element\">\n                  <!---->\n                  <!---->\n                  <div class=\"\">\n                    <p>Taek&rsquo;training : forme, \u00e9nergie et sant\u00e9 pour tous !<\/p>\n                    <p>Et si vous preniez soin de votre corps tout en repoussant vos limites ? Venez d\u00e9couvrir le&nbsp;<strong>Taek&rsquo;training<\/strong>, un entra\u00eenement complet et accessible \u00e0 tous, qui mixe cardio, renforcement musculaire et mouvements fonctionnels.<\/p>\n                    <p><span style=\"color: rgb(153, 153, 153); font-family: &quot;Open Sans&quot;; font-size: 16px; font-weight: 400;\">Inspir\u00e9 du cross-training et plus accessible que le cross-fit, le Taek&rsquo;training est id\u00e9al pour am\u00e9liorer sa forme physique et mentale, pr\u00e9venir les douleurs du quotidien et retrouver de l\u2019\u00e9nergie, le Taek&rsquo;training s\u2019inscrit dans une&nbsp;<\/span>\n                      <strong\n                        style=\"color: rgb(153, 153, 153); font-family: &quot;Open Sans&quot;; font-size: 16px;\">d\u00e9marche de sant\u00e9 au quotidien&nbsp;<\/strong><span style=\"color: rgb(153, 153, 153); font-family: &quot;Open Sans&quot;; font-size: 16px; font-weight: 400;\">: bouger mieux, vivre mieux, plus longtemps. Que vous soyez d\u00e9butant ou confirm\u00e9, chaque s\u00e9ance est adapt\u00e9e \u00e0 votre niveau, dans une ambiance conviviale et bienveillante.&nbsp;<\/span><\/p>\n                    <p><span style=\"font-weight: 400; color: rgb(153, 153, 153); font-family: &quot;Open Sans&quot;; font-size: 16px;\">Vous pr\u00e9f\u00e9rez une version moins physique mais tout aussi stimulante ? Adrien propose \u00e9galement une discipline qui m\u00eale yoga, Pilates et mobilit\u00e9, avec le m\u00eame objectif : prendre soin de son corps et de sa sant\u00e9.&nbsp;<\/span><\/p>\n                  <\/div>\n                <\/div>\n              <\/div>\n            <\/div>\n          <\/div>\n        <\/div>\n      <\/div>\n    <\/div>\n  <\/div>\n<\/div>","protected":false},"excerpt":{"rendered":"<p>L&rsquo;enseignant Taek&rsquo;training : forme, \u00e9nergie et sant\u00e9 pour tous ! Et si vous preniez soin de votre corps tout en repoussant vos limites ? Venez d\u00e9couvrir le&nbsp;Taek&rsquo;training, un entra\u00eenement complet et accessible \u00e0 tous, qui mixe cardio, renforcement musculaire et mouvements fonctionnels. Inspir\u00e9 du cross-training et plus accessible que le cross-fit, le Taek&rsquo;training est id\u00e9al [&hellip;]<\/p>\n","protected":false},"author":2,"featured_media":296,"parent":245,"menu_order":0,"comment_status":"closed","ping_status":"closed","template":"page-templates\/full-width-page.php","meta":{"footnotes":""},"class_list":["post-1842","page","type-page","status-publish","has-post-thumbnail","hentry"],"yoast_head":"<!-- This site is optimized with the Yoast SEO plugin v27.4 - https:\/\/yoast.com\/product\/yoast-seo-wordpress\/ -->\n<title>Taek&#039;Training - Taekwondo Teyran<\/title>\n<meta name=\"robots\" content=\"index, follow, max-snippet:-1, max-image-preview:large, max-video-preview:-1\" \/>\n<link rel=\"canonical\" href=\"https:\/\/taekwondoteyran.fr\/index.php\/disciplines\/taektraining\/\" \/>\n<meta property=\"og:locale\" content=\"fr_FR\" \/>\n<meta property=\"og:type\" content=\"article\" \/>\n<meta property=\"og:title\" content=\"Taek&#039;Training - Taekwondo Teyran\" \/>\n<meta property=\"og:description\" content=\"L&rsquo;enseignant Taek&rsquo;training : forme, \u00e9nergie et sant\u00e9 pour tous ! Et si vous preniez soin de votre corps tout en repoussant vos limites ? Venez d\u00e9couvrir le&nbsp;Taek&rsquo;training, un entra\u00eenement complet et accessible \u00e0 tous, qui mixe cardio, renforcement musculaire et mouvements fonctionnels. Inspir\u00e9 du cross-training et plus accessible que le cross-fit, le Taek&rsquo;training est id\u00e9al [&hellip;]\" \/>\n<meta property=\"og:url\" content=\"https:\/\/taekwondoteyran.fr\/index.php\/disciplines\/taektraining\/\" \/>\n<meta property=\"og:site_name\" content=\"Taekwondo Teyran\" \/>\n<meta property=\"article:publisher\" content=\"https:\/\/www.facebook.com\/taekwondoteyran\" \/>\n<meta property=\"article:modified_time\" content=\"2025-10-26T13:46:51+00:00\" \/>\n<meta property=\"og:image\" content=\"https:\/\/taekwondoteyran.fr\/wp-content\/uploads\/2023\/05\/cropped-logo-TKD.jpg\" \/>\n\t<meta property=\"og:image:width\" content=\"960\" \/>\n\t<meta property=\"og:image:height\" content=\"960\" \/>\n\t<meta property=\"og:image:type\" content=\"image\/jpeg\" \/>\n<meta name=\"twitter:card\" content=\"summary_large_image\" \/>\n<meta name=\"twitter:site\" content=\"@taekwondoteyran\" \/>\n<meta name=\"twitter:label1\" content=\"Dur\u00e9e de lecture estim\u00e9e\" \/>\n\t<meta name=\"twitter:data1\" content=\"1 minute\" \/>\n<script type=\"application\/ld+json\" class=\"yoast-schema-graph\">{\"@context\":\"https:\\\/\\\/schema.org\",\"@graph\":[{\"@type\":\"WebPage\",\"@id\":\"https:\\\/\\\/taekwondoteyran.fr\\\/index.php\\\/disciplines\\\/taektraining\\\/\",\"url\":\"https:\\\/\\\/taekwondoteyran.fr\\\/index.php\\\/disciplines\\\/taektraining\\\/\",\"name\":\"Taek'Training - Taekwondo Teyran\",\"isPartOf\":{\"@id\":\"https:\\\/\\\/taekwondoteyran.fr\\\/#website\"},\"primaryImageOfPage\":{\"@id\":\"https:\\\/\\\/taekwondoteyran.fr\\\/index.php\\\/disciplines\\\/taektraining\\\/#primaryimage\"},\"image\":{\"@id\":\"https:\\\/\\\/taekwondoteyran.fr\\\/index.php\\\/disciplines\\\/taektraining\\\/#primaryimage\"},\"thumbnailUrl\":\"https:\\\/\\\/taekwondoteyran.fr\\\/wp-content\\\/uploads\\\/2023\\\/05\\\/cropped-logo-TKD.jpg\",\"datePublished\":\"2025-08-08T18:39:48+00:00\",\"dateModified\":\"2025-10-26T13:46:51+00:00\",\"breadcrumb\":{\"@id\":\"https:\\\/\\\/taekwondoteyran.fr\\\/index.php\\\/disciplines\\\/taektraining\\\/#breadcrumb\"},\"inLanguage\":\"fr-FR\",\"potentialAction\":[{\"@type\":\"ReadAction\",\"target\":[\"https:\\\/\\\/taekwondoteyran.fr\\\/index.php\\\/disciplines\\\/taektraining\\\/\"]}]},{\"@type\":\"ImageObject\",\"inLanguage\":\"fr-FR\",\"@id\":\"https:\\\/\\\/taekwondoteyran.fr\\\/index.php\\\/disciplines\\\/taektraining\\\/#primaryimage\",\"url\":\"https:\\\/\\\/taekwondoteyran.fr\\\/wp-content\\\/uploads\\\/2023\\\/05\\\/cropped-logo-TKD.jpg\",\"contentUrl\":\"https:\\\/\\\/taekwondoteyran.fr\\\/wp-content\\\/uploads\\\/2023\\\/05\\\/cropped-logo-TKD.jpg\",\"width\":960,\"height\":960,\"caption\":\"Logo du club\"},{\"@type\":\"BreadcrumbList\",\"@id\":\"https:\\\/\\\/taekwondoteyran.fr\\\/index.php\\\/disciplines\\\/taektraining\\\/#breadcrumb\",\"itemListElement\":[{\"@type\":\"ListItem\",\"position\":1,\"name\":\"Accueil\",\"item\":\"https:\\\/\\\/taekwondoteyran.fr\\\/\"},{\"@type\":\"ListItem\",\"position\":2,\"name\":\"Disciplines\",\"item\":\"https:\\\/\\\/taekwondoteyran.fr\\\/index.php\\\/disciplines\\\/\"},{\"@type\":\"ListItem\",\"position\":3,\"name\":\"Taek&rsquo;Training\"}]},{\"@type\":\"WebSite\",\"@id\":\"https:\\\/\\\/taekwondoteyran.fr\\\/#website\",\"url\":\"https:\\\/\\\/taekwondoteyran.fr\\\/\",\"name\":\"Taekwondo Teyran\",\"description\":\"\u00c9duquer, Partager, Motiver\",\"publisher\":{\"@id\":\"https:\\\/\\\/taekwondoteyran.fr\\\/#organization\"},\"alternateName\":\"TKD Teyran\",\"potentialAction\":[{\"@type\":\"SearchAction\",\"target\":{\"@type\":\"EntryPoint\",\"urlTemplate\":\"https:\\\/\\\/taekwondoteyran.fr\\\/?s={search_term_string}\"},\"query-input\":{\"@type\":\"PropertyValueSpecification\",\"valueRequired\":true,\"valueName\":\"search_term_string\"}}],\"inLanguage\":\"fr-FR\"},{\"@type\":\"Organization\",\"@id\":\"https:\\\/\\\/taekwondoteyran.fr\\\/#organization\",\"name\":\"Taekwondo Teyran\",\"alternateName\":\"TKD Teyran\",\"url\":\"https:\\\/\\\/taekwondoteyran.fr\\\/\",\"logo\":{\"@type\":\"ImageObject\",\"inLanguage\":\"fr-FR\",\"@id\":\"https:\\\/\\\/taekwondoteyran.fr\\\/#\\\/schema\\\/logo\\\/image\\\/\",\"url\":\"https:\\\/\\\/taekwondoteyran.fr\\\/wp-content\\\/uploads\\\/2023\\\/05\\\/logo-TKD.jpg\",\"contentUrl\":\"https:\\\/\\\/taekwondoteyran.fr\\\/wp-content\\\/uploads\\\/2023\\\/05\\\/logo-TKD.jpg\",\"width\":960,\"height\":960,\"caption\":\"Taekwondo Teyran\"},\"image\":{\"@id\":\"https:\\\/\\\/taekwondoteyran.fr\\\/#\\\/schema\\\/logo\\\/image\\\/\"},\"sameAs\":[\"https:\\\/\\\/www.facebook.com\\\/taekwondoteyran\",\"https:\\\/\\\/x.com\\\/taekwondoteyran\"]}]}<\/script>\n<!-- \/ Yoast SEO plugin. -->","yoast_head_json":{"title":"Taek'Training - Taekwondo Teyran","robots":{"index":"index","follow":"follow","max-snippet":"max-snippet:-1","max-image-preview":"max-image-preview:large","max-video-preview":"max-video-preview:-1"},"canonical":"https:\/\/taekwondoteyran.fr\/index.php\/disciplines\/taektraining\/","og_locale":"fr_FR","og_type":"article","og_title":"Taek'Training - Taekwondo Teyran","og_description":"L&rsquo;enseignant Taek&rsquo;training : forme, \u00e9nergie et sant\u00e9 pour tous ! Et si vous preniez soin de votre corps tout en repoussant vos limites ? Venez d\u00e9couvrir le&nbsp;Taek&rsquo;training, un entra\u00eenement complet et accessible \u00e0 tous, qui mixe cardio, renforcement musculaire et mouvements fonctionnels. Inspir\u00e9 du cross-training et plus accessible que le cross-fit, le Taek&rsquo;training est id\u00e9al [&hellip;]","og_url":"https:\/\/taekwondoteyran.fr\/index.php\/disciplines\/taektraining\/","og_site_name":"Taekwondo Teyran","article_publisher":"https:\/\/www.facebook.com\/taekwondoteyran","article_modified_time":"2025-10-26T13:46:51+00:00","og_image":[{"width":960,"height":960,"url":"https:\/\/taekwondoteyran.fr\/wp-content\/uploads\/2023\/05\/cropped-logo-TKD.jpg","type":"image\/jpeg"}],"twitter_card":"summary_large_image","twitter_site":"@taekwondoteyran","twitter_misc":{"Dur\u00e9e de lecture estim\u00e9e":"1 minute"},"schema":{"@context":"https:\/\/schema.org","@graph":[{"@type":"WebPage","@id":"https:\/\/taekwondoteyran.fr\/index.php\/disciplines\/taektraining\/","url":"https:\/\/taekwondoteyran.fr\/index.php\/disciplines\/taektraining\/","name":"Taek'Training - Taekwondo Teyran","isPartOf":{"@id":"https:\/\/taekwondoteyran.fr\/#website"},"primaryImageOfPage":{"@id":"https:\/\/taekwondoteyran.fr\/index.php\/disciplines\/taektraining\/#primaryimage"},"image":{"@id":"https:\/\/taekwondoteyran.fr\/index.php\/disciplines\/taektraining\/#primaryimage"},"thumbnailUrl":"https:\/\/taekwondoteyran.fr\/wp-content\/uploads\/2023\/05\/cropped-logo-TKD.jpg","datePublished":"2025-08-08T18:39:48+00:00","dateModified":"2025-10-26T13:46:51+00:00","breadcrumb":{"@id":"https:\/\/taekwondoteyran.fr\/index.php\/disciplines\/taektraining\/#breadcrumb"},"inLanguage":"fr-FR","potentialAction":[{"@type":"ReadAction","target":["https:\/\/taekwondoteyran.fr\/index.php\/disciplines\/taektraining\/"]}]},{"@type":"ImageObject","inLanguage":"fr-FR","@id":"https:\/\/taekwondoteyran.fr\/index.php\/disciplines\/taektraining\/#primaryimage","url":"https:\/\/taekwondoteyran.fr\/wp-content\/uploads\/2023\/05\/cropped-logo-TKD.jpg","contentUrl":"https:\/\/taekwondoteyran.fr\/wp-content\/uploads\/2023\/05\/cropped-logo-TKD.jpg","width":960,"height":960,"caption":"Logo du club"},{"@type":"BreadcrumbList","@id":"https:\/\/taekwondoteyran.fr\/index.php\/disciplines\/taektraining\/#breadcrumb","itemListElement":[{"@type":"ListItem","position":1,"name":"Accueil","item":"https:\/\/taekwondoteyran.fr\/"},{"@type":"ListItem","position":2,"name":"Disciplines","item":"https:\/\/taekwondoteyran.fr\/index.php\/disciplines\/"},{"@type":"ListItem","position":3,"name":"Taek&rsquo;Training"}]},{"@type":"WebSite","@id":"https:\/\/taekwondoteyran.fr\/#website","url":"https:\/\/taekwondoteyran.fr\/","name":"Taekwondo Teyran","description":"\u00c9duquer, Partager, Motiver","publisher":{"@id":"https:\/\/taekwondoteyran.fr\/#organization"},"alternateName":"TKD Teyran","potentialAction":[{"@type":"SearchAction","target":{"@type":"EntryPoint","urlTemplate":"https:\/\/taekwondoteyran.fr\/?s={search_term_string}"},"query-input":{"@type":"PropertyValueSpecification","valueRequired":true,"valueName":"search_term_string"}}],"inLanguage":"fr-FR"},{"@type":"Organization","@id":"https:\/\/taekwondoteyran.fr\/#organization","name":"Taekwondo Teyran","alternateName":"TKD Teyran","url":"https:\/\/taekwondoteyran.fr\/","logo":{"@type":"ImageObject","inLanguage":"fr-FR","@id":"https:\/\/taekwondoteyran.fr\/#\/schema\/logo\/image\/","url":"https:\/\/taekwondoteyran.fr\/wp-content\/uploads\/2023\/05\/logo-TKD.jpg","contentUrl":"https:\/\/taekwondoteyran.fr\/wp-content\/uploads\/2023\/05\/logo-TKD.jpg","width":960,"height":960,"caption":"Taekwondo Teyran"},"image":{"@id":"https:\/\/taekwondoteyran.fr\/#\/schema\/logo\/image\/"},"sameAs":["https:\/\/www.facebook.com\/taekwondoteyran","https:\/\/x.com\/taekwondoteyran"]}]}},"_links":{"self":[{"href":"https:\/\/taekwondoteyran.fr\/index.php\/wp-json\/wp\/v2\/pages\/1842","targetHints":{"allow":["GET"]}}],"collection":[{"href":"https:\/\/taekwondoteyran.fr\/index.php\/wp-json\/wp\/v2\/pages"}],"about":[{"href":"https:\/\/taekwondoteyran.fr\/index.php\/wp-json\/wp\/v2\/types\/page"}],"author":[{"embeddable":true,"href":"https:\/\/taekwondoteyran.fr\/index.php\/wp-json\/wp\/v2\/users\/2"}],"replies":[{"embeddable":true,"href":"https:\/\/taekwondoteyran.fr\/index.php\/wp-json\/wp\/v2\/comments?post=1842"}],"version-history":[{"count":6,"href":"https:\/\/taekwondoteyran.fr\/index.php\/wp-json\/wp\/v2\/pages\/1842\/revisions"}],"predecessor-version":[{"id":2095,"href":"https:\/\/taekwondoteyran.fr\/index.php\/wp-json\/wp\/v2\/pages\/1842\/revisions\/2095"}],"up":[{"embeddable":true,"href":"https:\/\/taekwondoteyran.fr\/index.php\/wp-json\/wp\/v2\/pages\/245"}],"wp:featuredmedia":[{"embeddable":true,"href":"https:\/\/taekwondoteyran.fr\/index.php\/wp-json\/wp\/v2\/media\/296"}],"wp:attachment":[{"href":"https:\/\/taekwondoteyran.fr\/index.php\/wp-json\/wp\/v2\/media?parent=1842"}],"curies":[{"name":"wp","href":"https:\/\/api.w.org\/{rel}","templated":true}]}}